ctors of z?
3, 5, 17
Suppose 0 = -5*r + 2*w - 2, 3*w - 3 + 0 = 5*r. Let t = r + 7. List the prime factors of t.
7
Let g(k) = k**3 + 11*k**2 - 12*k + 3. What are the prime factors of g(-9)?
3, 7, 13
Let o(k) = 7*k - 78. What are the prime factors of o(24)?
2, 3, 5
Suppose k + 5*f = -2 + 12, -4*k + f + 19 = 0. List the prime factors of (-1)/k - (-217)/35.
2, 3
Let q(t) = -t**3 - 2*t**2 - 4*t - 1. What are the prime factors of q(-4)?
47
Let p = 9 + -7. Let y(r) = -3*r**2 - r + 6. Let c(a) = -3*a**2 - a + 7. Let g(w) = 4*c(w) - 5*y(w). What are the prime factors of g(p)?
2, 3
Let p = -361 - -719. What are the prime factors of p?
2, 179
Let i(f) = -f**2 - 7*f + 5. Let w = -13 + 8. Let j = -1 + w. List the prime factors of i(j).
11
Let d(m) = -m + 7. Let b be d(5). Suppose 2*w - 14 = -2*w + 3*r, -b*w - 3*r - 2 = 0. What are the prime factors of (1/w)/((-6)/(-84))?
7
Suppose -t + 0*t = 5. Let b(y) = y**3 + 6*y**2 + 3*y - 6. Let v be b(t). Suppose -v*s + 17 = -31. What are the prime factors of s?
2, 3
Let y be (8/(-6))/((-2)/3). What are the prime factors of 1/(((-6)/(-21))/y)?
7
Let j(c) = -3*c**2 + c + 1. Let h be j(-1). Let s(b) = b**2 - 3*b + 6. Let p(v) = -v**2 + v - 1. Let w(l) = -2*p(l) - s(l). What are the prime factors of w(h)?
2
Let g = 67 + -96. Let i = g + 53. List the prime factors of i.
2, 3
Suppose 0 = -3*y - 0 + 264. Suppose y = 3*p + 19. What are the prime factors of p?
23
Suppose -58 = -3*l - 4*s, 6*l + 5*s = l + 95. What are the prime factors of l?
2, 3
Let t(k) = -k**3 - k + 2. Let s(l) = l**2 - 5*l + 4. Let x be s(3). Let z be t(x). Let u = 3 + z. What are the prime factors of u?
3, 5
Suppose 0 = -n - 17 + 134. Suppose -4*s + s - j + n = 0, 0 = -4*j + 12. Suppose 5*b - 45 = -5*c, 3*b - s = -b - 3*c. What are the prime factors of b?
11
List the prime factors of (66/18)/(1/12).
2, 11
Suppose -7*u + 960 = u. List the prime factors of u.
2, 3, 5
List the prime factors of (206/3 + -3)*3 - 0.
197
Let g(n) = -n**3 - 6*n**2 - 7*n + 3. What are the prime factors of g(-7)?
101
Suppose -14 = y - 3*w, 5*w = 4*y + 2*w + 11. Let s be 30/20*16/6. List the prime factors of (15/12)/(y/s).
5
Suppose -2*w = -5*w + 33. Suppose -11 = -p + w. Suppose 0 = c + c - p. What are the prime factors of c?
11
Let o(k) be the third derivative of k**6/120 - 3*k**5/20 + 5*k**4/12 - 11*k**3/6 + k**2. List the prime factors of o(8).
5
Let k(s) = s + 1. Let h be k(-1). Let j(v) = 2*v - v**3 - 4 - v**2 - v + h*v. List the prime factors of j(-3).
11
List the prime factors of 2/(10/(-1636)*(-48)/60).
409
Let s(g) = g. Let f(v) = 5*v + 8. Let p(h) = -f(h) + 3*s(h). What are the prime factors of p(-9)?
2, 5
Let b be (2/4)/((-2)/(-16)). Let q(f) = -2*f + 3*f + 4 + 0*f. What are the prime factors of q(b)?
2
What are the prime factors of (-1 - 1) + 7*1630/35?
2, 3
Suppose 24 = -3*v + 4*v. What are the prime factors of v?
2, 3
Let a = -287 + 415. List the prime factors of a.
2
Let u be ((-1)/(-2))/(7/14). Let x = u - 0. What are the prime factors of (x - (-1 + 1)) + 10?
11
Let f = -32 + 164. What are the prime factors of f?
2, 3, 11
Let n = 128 - 86. Suppose s = -s + n. List the prime factors of s.
3, 7
What are the prime factors of ((-2)/(-4))/(8/1744) + 2?
3, 37
Let y(k) = 4*k**2 + 3*k - 2. What are the prime factors of y(-4)?
2, 5
Let k be 7 + -1 + 1 + -3. Suppose u - 2 - k = 0. Let r = u + -2. List the prime factors of r.
2
Suppose 3*x - 70 = x. List the prime factors of x.
5, 7
Let d = -6 - -3. List the prime factors of d/(-9) + 11/3.
2
Let r = 269 + -189. List the prime factors of r.
2, 5
Let k(m) be the second derivative of 7*m**4/3 + m**3/3 + m**2/2 - 3*m. List the prime factors of k(-1).
3
Let f be (1/(-2))/((-3)/(-48)). Let s = 7 - f. List the prime factors of ((-12)/(-5))/(3/s).
2, 3
Let a be 26/7 + (-2)/(-7). Let g be a + 0 + -1 + -1. What are the prime factors of 1 - 1 - (g - 18)?
2
Let z(t) = -t**3 + 2*t + 2. Let s be z(-2). List the prime factors of (63/s)/((-6)/(-8)).
2, 7
What are the prime factors of ((-36)/(-14))/((-6)/(-28))?
2, 3
Let g(d) = -14*d + 294. What are the prime factors of g(0)?
2, 3, 7
Suppose 4*x = -t + 5, 6*t = 4*t - 5*x + 10. Suppose 0 = 5*s - t. List the prime factors of s/2*-9*-2.
3
Let t(a) = a - 5. Let r be t(7). Suppose -3*n = r*n - 20. List the prime factors of n.
2
Let n = 68 + -58. What are the prime factors of n?
2, 5
Let x(n) = -23*n + 4. What are the prime factors of x(-5)?
7, 17
Let z be (2 + -3)*(1 - 6). Suppose -w = -4*c + 4*w + 58, -z*c + 64 = -2*w. List the prime factors of c.
2, 3
Suppose -14*b + 6*b + 1392 = 0. What are the prime factors of b?
2, 3, 29
Let u(p) = p**3 - 8*p**2 - 10*p + 3. Let r be u(9). What are the prime factors of 8/(-6)*27/r?
2, 3
Let i = 0 - -5. Let t = i + -9. List the prime factors of (0 - t)*3/1.
2, 3
Let t(c) = -c**2 + 8*c - 4. Let j be t(6). Suppose 3*g = g + j. Suppose 4*d - g*b = -d + 21, 3*d - 4*b = 11. List the prime factors of d.
5
Suppose -11 - 61 = -4*c. Let g = -11 + c. List the prime factors of g.
7
Let f(k) = 9*k**2 - 4*k + 3. Let p be 24/11 - 10/55. List the prime factors of f(p).
31
Suppose 5*x - 36 = 2*y - 173, -3*x - 79 = -2*y. Let b(z) = -2*z**3 + 7*z**2 - 5*z - 4. Let p be b(4). Let g = x - p. What are the prime factors of g?
11
Let g(q) = -16*q**2 - 10. Let t(h) = 5*h**2 + 3. Let u(m) = 2*g(m) + 7*t(m). Suppose -2*r - 3 = 1. List the prime factors of u(r).
13
Suppose -3*w = 2*w - 10. Suppose -2*f = -w*t + 46, 2*t = -0*f - 3*f - 84. Let j = f + 36. What are the prime factors of j?
2, 5
Let a be -60*(0 - 1) - 2. Let l = a + -40. What are the prime factors of l/5 + (-6)/(-15)?
2
Suppose -5*w = j + 16, -5*j - 3*w - 18 = -3*j. Let x be j + 6 + 1*-3. What are the prime factors of 17 + x + (-1 - -1)?
2, 7
Let i(f) = -2*f**2. Let p be i(1). Let z = 2 + p. Suppose z = -4*t + 2 + 26. List the prime factors of t.
7
Let x(c) = 12*c + 4. Let l be x(3). Suppose -3*q - n = -l, -q - n = -1 - 13. What are the prime factors of q?
13
Let i(d) = -d**2 - d + 1. Let m be i(-1). Let o = -102 - -179. List the prime factors of o/(-14)*(m + -3).
11
Let h(i) = i**3 - 6*i**2 - 5*i - 6. Let q(f) = 7 + 4*f**2 + 0 - 5*f**2 - 7*f. Let t be q(-7). What are the prime factors of h(t)?
2
Let y be 14/(-42) + (-22)/(-3). Let a(z) = -z - 3. Let b be a(-5). Suppose -b*q + q = -y. What are the prime factors of q?
7
Suppose 3*r = 4*r + 8. Let y(p) = p**2 + 7*p - 6. Let h be y(r). Suppose -4*i + h*u + 34 = 4*u, -3*i = -u - 23. List the prime factors of i.
2
Let a(g) = 53*g**2 - 2*g - 1. Let n be a(-1). Suppose 0 = 2*t - 5*t + n. What are the prime factors of t?
2, 3
Suppose 4*f + 15 = 3, 4*v = 4*f + 56. Suppose 0 = -y - o + v, 2*y - 4*o - 30 = -2*o. What are the prime factors of y?
13
Let t be 1*(-3)/6*-36. Suppose t = k - 2. List the prime factors of k.
2, 5
Suppose 0 = 4*j - j + 9. Let n(c) = -3*c + c - c + 3. What are the prime factors of n(j)?
2, 3
Suppose -613 = -6*p + 173. What are the prime factors of p?
131
Suppose 4*f + 3*q - 84 = 0, 2*f - 4*f + 42 = -2*q. Suppose 27*m - 25*m = 10. Suppose f = m*z - 19. List the prime factors of z.
2
Let i(t) = -t**2 + 8*t - 6. Let x be i(7). List the prime factors of 19 + (0/2)/x.
19
Let a = 275 + -28. List the prime factors of a.
13, 19
Let z be 122/(-18) + 12/(-54). Let c = z + 7. Suppose -l - 3*l + 12 = c. List the prime factors of l.
3
Suppose -q = -5*q + 4. Suppose q = p - 2*w, -2*w = p - 5 - 0. List the prime factors of p.
3
Let f(u) be the second derivative of u**5/20 - 2*u**4/3 + 3*u**3/2 + 5*u**2/2 - u. Suppose 17*i + 71 = 190. List the prime factors of f(i).
19
Suppose -3*s + 2 + 25 = 0. Let y be 167/4 - 2/(-8). Suppose s - y = -3*d. What are the prime factors of d?
11
Let b(x) be the third derivative of 0 + 1/30*x**5 - 1/12*x**4 + 1/6*x**3 + 0*x + x**2. List the prime factors of b(2).
5
Suppose -4*v + 5*o + 17 = -58, 4*v + 2*o - 54 = 0. Suppose -n + v = -1. List the prime factors of n.
2
Let j(g) = g + 8. Let t be 2/(-1 + (-9)/(-7)). Let x be j(t). What are the prime factors of 3 + x + 0 + -1?
17
Suppose 4 = -0*h + 4*h. Suppose h = 2*p - p. What are the prime factors of ((-12)/15)/(p/(-15))?
2, 3
Let g = 85 + -40. What are the prime factors of g?
3, 5
Let v be (4/(-7))/((-10)/35). Let y be 2/((-2)/19) + v. Let q = y + 24. List the prime factors of q.
7
Let v = 105 